{"id":770,"date":"2022-08-11T18:17:10","date_gmt":"2022-08-11T16:17:10","guid":{"rendered":"http:\/\/lago-architekten.ch\/?page_id=770"},"modified":"2022-10-08T23:03:06","modified_gmt":"2022-10-08T21:03:06","slug":"aktuell-juli-2022","status":"publish","type":"page","link":"http:\/\/lago-architekten.ch\/en\/aktuell-juli-2022\/","title":{"rendered":"JULI 2022"},"content":{"rendered":"<p style=\"font-size:18px\"><a href=\"http:\/\/www.campagnola.ch\"><strong>Familienhotel La Campagnola<\/strong><\/a><br>Sanierung von 44 Hotelzimmern in 2022 erfolgreich abgeschlossen.<\/p>\n\n\n\n<p style=\"font-size:16px\">Hier das Bild der gl\u00fccklichen Hotelliersfamilie des Familienhotels <a href=\"http:\/\/www.campagnola.ch\" data-type=\"URL\" data-id=\"www.campagnola.ch\">LA CAMPAGNOLA<\/a> in <a href=\"https:\/\/www.ticino.ch\/de\/commons\/details\/Sass-da-Gr%C3%BCm-Vairano\/125729.html\">Varaino<\/a> am <a href=\"https:\/\/www.myswitzerland.com\/de-ch\/reiseziele\/lago-maggiore\/\" data-type=\"URL\" data-id=\"https:\/\/www.myswitzerland.com\/de-ch\/reiseziele\/lago-maggiore\/\">Lago Maggiore<\/a><\/p>\n\n\n\n<figure class=\"wp-block-image size-full\"><a href=\"https:\/\/www.campagnola.ch\/kontakt\/\"><img loading=\"lazy\" width=\"567\" height=\"380\" src=\"http:\/\/lago-architekten.ch\/wp-content\/uploads\/2022\/04\/FAMZoppe.jpg\" alt=\"\" class=\"wp-image-445\" srcset=\"http:\/\/lago-architekten.ch\/wp-content\/uploads\/2022\/04\/FAMZoppe.jpg 567w, http:\/\/lago-architekten.ch\/wp-content\/uploads\/2022\/04\/FAMZoppe-300x201.jpg 300w, http:\/\/lago-architekten.ch\/wp-content\/uploads\/2022\/04\/FAMZoppe-18x12.jpg 18w\" sizes=\"(max-width: 567px) 100vw, 567px\" \/><\/a><\/figure>\n\n\n\n<p style=\"font-size:16px\">&#8222;Wir bedanken uns beim Ehepaar Gottfried und Soesita Lanz f\u00fcr ihre ausserordentliche Leistung. Mit viel Passion und Professionalit\u00e4t wurden 44 unterschiedliche Themenzimmer geschaffen. Dazu geh\u00f6ren im Besonderen die nterschiedlichen Hausfarben und Zimmernamen.<\/p>\n\n\n\n<figure class=\"wp-container-2 wp-block-gallery-1 wp-block-gallery has-nested-images columns-default is-cropped\">\n<figure class=\"wp-block-image size-large\"><a href=\"\/en\/www.campagnola.ch\/\"><img loading=\"lazy\" width=\"300\" height=\"200\" data-id=\"689\"  src=\"http:\/\/lago-architekten.ch\/wp-content\/uploads\/2022\/07\/Haus-B-green-WZ01-300x200-2.jpg\" alt=\"\" class=\"wp-image-689\" srcset=\"http:\/\/lago-architekten.ch\/wp-content\/uploads\/2022\/07\/Haus-B-green-WZ01-300x200-2.jpg 300w, http:\/\/lago-architekten.ch\/wp-content\/uploads\/2022\/07\/Haus-B-green-WZ01-300x200-2-18x12.jpg 18w\" sizes=\"(max-width: 300px) 100vw, 300px\" \/><\/a><\/figure>\n\n\n\n<figure class=\"wp-block-image size-large\"><img loading=\"lazy\" width=\"300\" height=\"225\" data-id=\"692\"  src=\"http:\/\/lago-architekten.ch\/wp-content\/uploads\/2022\/07\/Foto-14.04.19-09-44-21-300x225-1.jpg\" alt=\"\" class=\"wp-image-692\" srcset=\"http:\/\/lago-architekten.ch\/wp-content\/uploads\/2022\/07\/Foto-14.04.19-09-44-21-300x225-1.jpg 300w, http:\/\/lago-architekten.ch\/wp-content\/uploads\/2022\/07\/Foto-14.04.19-09-44-21-300x225-1-16x12.jpg 16w\" sizes=\"(max-width: 300px) 100vw, 300px\" \/><\/figure>\n\n\n\n<figure class=\"wp-block-image size-large\"><img loading=\"lazy\" width=\"300\" height=\"200\" data-id=\"693\"  src=\"http:\/\/lago-architekten.ch\/wp-content\/uploads\/2022\/07\/Foto-22.04.19-08-46-44-300x200-1.jpg\" alt=\"\" class=\"wp-image-693\" srcset=\"http:\/\/lago-architekten.ch\/wp-content\/uploads\/2022\/07\/Foto-22.04.19-08-46-44-300x200-1.jpg 300w, http:\/\/lago-architekten.ch\/wp-content\/uploads\/2022\/07\/Foto-22.04.19-08-46-44-300x200-1-18x12.jpg 18w\" sizes=\"(max-width: 300px) 100vw, 300px\" \/><\/figure>\n<\/figure>\n\n\n\n<p style=\"font-size:16px\">Wir sind sehr dankbar und gl\u00fccklich \u00fcber die gelungene Zimmersanierung. Das best\u00e4tigen uns auch tagt\u00e4glich unsere gesch\u00e4tzten G\u00e4ste und Freunde.&#8220;<\/p>\n\n\n\n<p class=\"has-text-align-right has-small-font-size\"><a href=\"http:\/\/lago-architekten.ch\/en\/upcycling\/\">weiterlesen<\/a><\/p>\n\n\n\n<p class=\"has-text-align-right has-small-font-size\"><a href=\"http:\/\/lago-architekten.ch\/en\/\">zur Startseite<\/a><\/p>","protected":false},"excerpt":{"rendered":"<p>Familienhotel La CampagnolaSanierung von 44 Hotelzimmern in 2022 erfolgreich abgeschlossen. Hier das Bild der gl\u00fccklichen Hotelliersfamilie des Familienhotels LA CAMPAGNOLA in Varaino am Lago Maggiore &#8222;Wir bedanken uns beim Ehepaar Gottfried und Soesita Lanz&#46;&#46;&#46;<\/p>","protected":false},"author":2,"featured_media":0,"parent":0,"menu_order":0,"comment_status":"closed","ping_status":"closed","template":"","meta":[],"_links":{"self":[{"href":"http:\/\/lago-architekten.ch\/en\/wp-json\/wp\/v2\/pages\/770"}],"collection":[{"href":"http:\/\/lago-architekten.ch\/en\/wp-json\/wp\/v2\/pages"}],"about":[{"href":"http:\/\/lago-architekten.ch\/en\/wp-json\/wp\/v2\/types\/page"}],"author":[{"embeddable":true,"href":"http:\/\/lago-architekten.ch\/en\/wp-json\/wp\/v2\/users\/2"}],"replies":[{"embeddable":true,"href":"http:\/\/lago-architekten.ch\/en\/wp-json\/wp\/v2\/comments?post=770"}],"version-history":[{"count":9,"href":"http:\/\/lago-architekten.ch\/en\/wp-json\/wp\/v2\/pages\/770\/revisions"}],"predecessor-version":[{"id":1262,"href":"http:\/\/lago-architekten.ch\/en\/wp-json\/wp\/v2\/pages\/770\/revisions\/1262"}],"wp:attachment":[{"href":"http:\/\/lago-architekten.ch\/en\/wp-json\/wp\/v2\/media?parent=770"}],"curies":[{"name":"wp","href":"https:\/\/api.w.org\/{rel}","templated":true}]}}

<p style="font-size:18px"><a href="http://www.campagnola.ch"><strong>Familienhotel La Campagnola</strong></a><br>Sanierung von 44 Hotelzimmern in 2022 erfolgreich abgeschlossen.</p>



<p style="font-size:16px">Hier das Bild der glücklichen Hotelliersfamilie des Familienhotels <a href="http://www.campagnola.ch" data-type="URL" data-id="www.campagnola.ch">LA CAMPAGNOLA</a> in <a href="https://www.ticino.ch/de/commons/details/Sass-da-Gr%C3%BCm-Vairano/125729.html">Varaino</a> am <a href="https://www.myswitzerland.com/de-ch/reiseziele/lago-maggiore/" data-type="URL" data-id="https://www.myswitzerland.com/de-ch/reiseziele/lago-maggiore/">Lago Maggiore</a></p>



<figure class="wp-block-image size-full"><a href="https://www.campagnola.ch/kontakt/"><img loading="lazy" width="567" height="380" src="http://lago-architekten.ch/wp-content/uploads/2022/04/FAMZoppe.jpg" alt="" class="wp-image-445" srcset="http://lago-architekten.ch/wp-content/uploads/2022/04/FAMZoppe.jpg 567w, http://lago-architekten.ch/wp-content/uploads/2022/04/FAMZoppe-300x201.jpg 300w, http://lago-architekten.ch/wp-content/uploads/2022/04/FAMZoppe-18x12.jpg 18w" sizes="(max-width: 567px) 100vw, 567px" /></a></figure>



<p style="font-size:16px">&#8222;Wir bedanken uns beim Ehepaar Gottfried und Soesita Lanz für ihre ausserordentliche Leistung. Mit viel Passion und Professionalität wurden 44 unterschiedliche Themenzimmer geschaffen. Dazu gehören im Besonderen die nterschiedlichen Hausfarben und Zimmernamen.</p>



<figure class="wp-container-2 wp-block-gallery-1 wp-block-gallery has-nested-images columns-default is-cropped">
<figure class="wp-block-image size-large"><a href="/en/www.campagnola.ch/"><img loading="lazy" width="300" height="200" data-id="689"  src="http://lago-architekten.ch/wp-content/uploads/2022/07/Haus-B-green-WZ01-300x200-2.jpg" alt="" class="wp-image-689" srcset="http://lago-architekten.ch/wp-content/uploads/2022/07/Haus-B-green-WZ01-300x200-2.jpg 300w, http://lago-architekten.ch/wp-content/uploads/2022/07/Haus-B-green-WZ01-300x200-2-18x12.jpg 18w" sizes="(max-width: 300px) 100vw, 300px" /></a></figure>



<figure class="wp-block-image size-large"><img loading="lazy" width="300" height="225" data-id="692"  src="http://lago-architekten.ch/wp-content/uploads/2022/07/Foto-14.04.19-09-44-21-300x225-1.jpg" alt="" class="wp-image-692" srcset="http://lago-architekten.ch/wp-content/uploads/2022/07/Foto-14.04.19-09-44-21-300x225-1.jpg 300w, http://lago-architekten.ch/wp-content/uploads/2022/07/Foto-14.04.19-09-44-21-300x225-1-16x12.jpg 16w" sizes="(max-width: 300px) 100vw, 300px" /></figure>



<figure class="wp-block-image size-large"><img loading="lazy" width="300" height="200" data-id="693"  src="http://lago-architekten.ch/wp-content/uploads/2022/07/Foto-22.04.19-08-46-44-300x200-1.jpg" alt="" class="wp-image-693" srcset="http://lago-architekten.ch/wp-content/uploads/2022/07/Foto-22.04.19-08-46-44-300x200-1.jpg 300w, http://lago-architekten.ch/wp-content/uploads/2022/07/Foto-22.04.19-08-46-44-300x200-1-18x12.jpg 18w" sizes="(max-width: 300px) 100vw, 300px" /></figure>
</figure>



<p style="font-size:16px">Wir sind sehr dankbar und glücklich über die gelungene Zimmersanierung. Das bestätigen uns auch tagtäglich unsere geschätzten Gäste und Freunde.&#8220;</p>



<p class="has-text-align-right has-small-font-size"><a href="http://lago-architekten.ch/en/upcycling/">weiterlesen</a></p>



<p class="has-text-align-right has-small-font-size"><a href="http://lago-architekten.ch/en/">zur Startseite</a></p>

<p>Familienhotel La CampagnolaSanierung von 44 Hotelzimmern in 2022 erfolgreich abgeschlossen. Hier das Bild der glücklichen Hotelliersfamilie des Familienhotels LA CAMPAGNOLA in Varaino am Lago Maggiore &#8222;Wir bedanken uns beim Ehepaar Gottfried und Soesita Lanz&#46;&#46;&#46;</p>
